{"id":3576,"date":"2026-02-15T21:19:31","date_gmt":"2026-02-15T20:19:31","guid":{"rendered":"https:\/\/przedszkole4dzialdowo.pl\/?page_id=3576"},"modified":"2026-02-25T14:29:17","modified_gmt":"2026-02-25T13:29:17","slug":"o-przedszkolu","status":"publish","type":"page","link":"https:\/\/przedszkole4dzialdowo.pl\/","title":{"rendered":"O przedszkolu"},"content":{"rendered":"\n<p class=\"has-text-align-center\">Przedszkole nr 4 to miejsce, kt\u00f3re \u0142\u0105czy nowoczesno\u015b\u0107 z tradycj\u0105, daj\u0105c dzieciom najlepszy start w edukacyjn\u0105 przygod\u0119! Nasze przedszkole to przestrze\u0144 pe\u0142na pasji, kreatywno\u015bci&nbsp;i bezpiecze\u0144stwa, w kt\u00f3rej maluchy ucz\u0105 si\u0119 przez zabaw\u0119, rozwijaj\u0105 swoje talenty i pasje, &nbsp;a tak\u017ce staj\u0105 si\u0119 bardziej samodzielne i pewne siebie.<\/p>\n\n\n\n<p class=\"has-text-align-center\"><strong>Dlaczego warto zapisa\u0107 dziecko!<\/strong><\/p>\n\n\n\n<p class=\"has-text-align-center\">Innowacyjne podej\u015bcie edukacyjne \u2013 wprowadzamy dzieci w \u015bwiat nowych technologii!<\/p>\n\n\n\n<p class=\"has-text-align-center\">Zaawansowane technologie w edukacji \u2013 wykorzystujemy interaktywne tablice oraz nowoczesne aplikacje edukacyjne, kt\u00f3re rozweselaj\u0105, inspiruj\u0105 i wspieraj\u0105 nauk\u0119 dzieci w atrakcyjny spos\u00f3b.<\/p>\n\n\n\n<p class=\"has-text-align-center\">Dziennik elektroniczny \u2013 kontakt na wyci\u0105gni\u0119cie r\u0119ki! \u2013 Dbamy o sta\u0142\u0105 i komfortow\u0105 komunikacj\u0119 z rodzicami. To szybka droga do kontaktu z nasz\u0105 kadr\u0105, kt\u00f3ra jest zawsze gotowa do wsparcia.<\/p>\n\n\n\n<p class=\"has-text-align-center\">Rozw\u00f3j talent\u00f3w przez zabaw\u0119 \u2013 oferujemy zaj\u0119cia taneczne, kt\u00f3re pomagaj\u0105 dzieciom rozwin\u0105\u0107 umiej\u0119tno\u015bci ruchowe, koordynacj\u0119 i kreatywno\u015b\u0107. Nasza wsp\u00f3\u0142praca&nbsp;z Akademi\u0105 ArtMusic zapewnia profesjonalne wsparcie w odkrywaniu talent\u00f3w artystycznych!<\/p>\n\n\n\n<p class=\"has-text-align-center\">Akademia Programista Junior oferuje zaj\u0119cia z programowania \u2013 zaj\u0119cia, kt\u00f3re wprowadzaj\u0105 najm\u0142odszych w \u015bwiat kodowania, dzi\u0119ki kt\u00f3rym mo\u017cna rozwija\u0107 wiele umiej\u0119tno\u015bci &nbsp;&nbsp;w tw\u00f3rczy i atrakcyjny dla dziecka spos\u00f3b.<\/p>\n\n\n\n<p class=\"has-text-align-center\">Indywidualne wsparcie specjalistyczne \u2013 wsp\u00f3\u0142pracujemy z psychologiem, pedagogiem, pedagogiem specjalnym i logoped\u0105, aby ka\u017cde dziecko mog\u0142o rozwija\u0107 si\u0119 w zgodzie\u00a0z w\u0142asnymi potrzebami i talentami. Psycholog, pedagog, pedagog specjalny, logopeda to pracownicy naszego zespo\u0142u.<\/p>\n\n\n\n<p class=\"has-text-align-center\">Bezpiecze\u0144stwo i komfort \u2013 w naszym przedszkolu maluchy czuj\u0105 si\u0119 bezpiecznie, dzi\u0119ki stworzeniu przyjaznego i inspiruj\u0105cego \u015brodowiska, kt\u00f3re sprzyja ich rozwojowi. Ka\u017cdy dzie\u0144 to nowe wyzwania, kt\u00f3re stawiaj\u0105 przed dzie\u0107mi tw\u00f3rcze i anga\u017cuj\u0105ce zadania.<\/p>\n\n\n\n<p class=\"has-text-align-center\">Zdrowe i pyszne posi\u0142ki \u2013 zapewniamy dzieciom pe\u0142nowarto\u015bciowe i smaczne posi\u0142ki, dopasowane do ich indywidualnych potrzeb \u017cywieniowych. Dbamy o to, by energia do nauki i zabawy pochodzi\u0142a ze zdrowych sk\u0142adnik\u00f3w. Wi\u0119kszo\u015b\u0107 potraw przygotowujemy przy u\u017cyciu pieca konwekcyjno\u2013parowego, czyli bez u\u017cycia t\u0142uszczu\u00a0 i soli. Wszystkie dania przygotowywane s\u0105 na bazie naturalnych produkt\u00f3w.<\/p>\n\n\n\n<p class=\"has-text-align-center\">Atrakcyjna lokalizacja &#8211; nasze przedszkole posiada atrakcyjn\u0105 lokalizacj\u0119 oraz dogodny dojazd. Przed wjazdem znajduje si\u0119 zatoczka parkingowa. Wok\u00f3\u0142 budynku jest poro\u015bni\u0119ty drzewami ogr\u00f3d przedszkolny,&nbsp; w kt\u00f3rym rozmieszczone s\u0105 urz\u0105dzenia terenowe i sprz\u0119t do zabaw ruchowych. Ogr\u00f3d, jako najbli\u017csze \u015brodowisko przyrodnicze dzieci, pe\u0142ni funkcj\u0119 rekreacyjn\u0105, estetyczn\u0105 i poznawcz\u0105.<\/p>\n","protected":false},"excerpt":{"rendered":"<p>Przedszkole nr 4 to miejsce, kt\u00f3re \u0142\u0105czy nowoczesno\u015b\u0107 z tradycj\u0105, daj\u0105c dzieciom najlepszy start w edukacyjn\u0105 przygod\u0119! Nasze przedszkole to przestrze\u0144 pe\u0142na pasji, kreatywno\u015bci&nbsp;i bezpiecze\u0144stwa, w kt\u00f3rej maluchy ucz\u0105 si\u0119 przez zabaw\u0119, rozwijaj\u0105 swoje talenty i pasje, &nbsp;a tak\u017ce staj\u0105 si\u0119 bardziej samodzielne i pewne siebie. Dlaczego warto zapisa\u0107 dziecko! Innowacyjne podej\u015bcie edukacyjne \u2013 wprowadzamy [&hellip;]<\/p>\n","protected":false},"author":2,"featured_media":0,"parent":0,"menu_order":0,"comment_status":"closed","ping_status":"closed","template":"","meta":{"ngg_post_thumbnail":0},"yoast_head":"<!-- This site is optimized with the Yoast SEO plugin v18.2 - https:\/\/yoast.com\/wordpress\/plugins\/seo\/ -->\n<title>O przedszkolu - przedszkole4dzialdowo.pl<\/title>\n<meta name=\"robots\" content=\"index, follow, max-snippet:-1, max-image-preview:large, max-video-preview:-1\" \/>\n<link rel=\"canonical\" href=\"https:\/\/przedszkole4dzialdowo.pl\/\" \/>\n<meta property=\"og:locale\" content=\"pl_PL\" \/>\n<meta property=\"og:type\" content=\"article\" \/>\n<meta property=\"og:title\" content=\"O przedszkolu - przedszkole4dzialdowo.pl\" \/>\n<meta property=\"og:description\" content=\"Przedszkole nr 4 to miejsce, kt\u00f3re \u0142\u0105czy nowoczesno\u015b\u0107 z tradycj\u0105, daj\u0105c dzieciom najlepszy start w edukacyjn\u0105 przygod\u0119! Nasze przedszkole to przestrze\u0144 pe\u0142na pasji, kreatywno\u015bci&nbsp;i bezpiecze\u0144stwa, w kt\u00f3rej maluchy ucz\u0105 si\u0119 przez zabaw\u0119, rozwijaj\u0105 swoje talenty i pasje, &nbsp;a tak\u017ce staj\u0105 si\u0119 bardziej samodzielne i pewne siebie. Dlaczego warto zapisa\u0107 dziecko! Innowacyjne podej\u015bcie edukacyjne \u2013 wprowadzamy [&hellip;]\" \/>\n<meta property=\"og:url\" content=\"https:\/\/przedszkole4dzialdowo.pl\/\" \/>\n<meta property=\"og:site_name\" content=\"przedszkole4dzialdowo.pl\" \/>\n<meta property=\"article:publisher\" content=\"https:\/\/www.facebook.com\/sp4dzialdowo\/\" \/>\n<meta property=\"article:modified_time\" content=\"2026-02-25T13:29:17+00:00\" \/>\n<meta name=\"twitter:card\" content=\"summary_large_image\" \/>\n<meta name=\"twitter:label1\" content=\"Szacowany czas czytania\" \/>\n\t<meta name=\"twitter:data1\" content=\"2 minuty\" \/>\n<script type=\"application\/ld+json\" class=\"yoast-schema-graph\">{\"@context\":\"https:\/\/schema.org\",\"@graph\":[{\"@type\":\"Organization\",\"@id\":\"https:\/\/przedszkole4dzialdowo.pl\/#organization\",\"name\":\"Szko\u0142a Podstawowa nr 4 im. Jana Paw\u0142a II w Dzia\u0142dowie\",\"url\":\"https:\/\/przedszkole4dzialdowo.pl\/\",\"sameAs\":[\"https:\/\/www.facebook.com\/sp4dzialdowo\/\"],\"logo\":{\"@type\":\"ImageObject\",\"@id\":\"https:\/\/przedszkole4dzialdowo.pl\/#logo\",\"inLanguage\":\"pl-PL\",\"url\":\"https:\/\/przedszkole4dzialdowo.pl\/wp-content\/uploads\/2021\/01\/cropped-LOGOWKOLE2.png\",\"contentUrl\":\"https:\/\/przedszkole4dzialdowo.pl\/wp-content\/uploads\/2021\/01\/cropped-LOGOWKOLE2.png\",\"width\":512,\"height\":512,\"caption\":\"Szko\u0142a Podstawowa nr 4 im. Jana Paw\u0142a II w Dzia\u0142dowie\"},\"image\":{\"@id\":\"https:\/\/przedszkole4dzialdowo.pl\/#logo\"}},{\"@type\":\"WebSite\",\"@id\":\"https:\/\/przedszkole4dzialdowo.pl\/#website\",\"url\":\"https:\/\/przedszkole4dzialdowo.pl\/\",\"name\":\"sp4dzialdowo.pl\",\"description\":\"\",\"publisher\":{\"@id\":\"https:\/\/przedszkole4dzialdowo.pl\/#organization\"},\"potentialAction\":[{\"@type\":\"SearchAction\",\"target\":{\"@type\":\"EntryPoint\",\"urlTemplate\":\"https:\/\/przedszkole4dzialdowo.pl\/?s={search_term_string}\"},\"query-input\":\"required name=search_term_string\"}],\"inLanguage\":\"pl-PL\"},{\"@type\":\"WebPage\",\"@id\":\"https:\/\/przedszkole4dzialdowo.pl\/#webpage\",\"url\":\"https:\/\/przedszkole4dzialdowo.pl\/\",\"name\":\"O przedszkolu - przedszkole4dzialdowo.pl\",\"isPartOf\":{\"@id\":\"https:\/\/przedszkole4dzialdowo.pl\/#website\"},\"datePublished\":\"2026-02-15T20:19:31+00:00\",\"dateModified\":\"2026-02-25T13:29:17+00:00\",\"breadcrumb\":{\"@id\":\"https:\/\/przedszkole4dzialdowo.pl\/#breadcrumb\"},\"inLanguage\":\"pl-PL\",\"potentialAction\":[{\"@type\":\"ReadAction\",\"target\":[\"https:\/\/przedszkole4dzialdowo.pl\/\"]}]},{\"@type\":\"BreadcrumbList\",\"@id\":\"https:\/\/przedszkole4dzialdowo.pl\/#breadcrumb\",\"itemListElement\":[{\"@type\":\"ListItem\",\"position\":1,\"name\":\"Strona g\u0142\u00f3wna\",\"item\":\"https:\/\/przedszkole4dzialdowo.pl\/\"},{\"@type\":\"ListItem\",\"position\":2,\"name\":\"O&nbsp;przedszkolu\"}]}]}<\/script>\n<!-- \/ Yoast SEO plugin. -->","yoast_head_json":{"title":"O przedszkolu - przedszkole4dzialdowo.pl","robots":{"index":"index","follow":"follow","max-snippet":"max-snippet:-1","max-image-preview":"max-image-preview:large","max-video-preview":"max-video-preview:-1"},"canonical":"https:\/\/przedszkole4dzialdowo.pl\/","og_locale":"pl_PL","og_type":"article","og_title":"O przedszkolu - przedszkole4dzialdowo.pl","og_description":"Przedszkole nr 4 to miejsce, kt\u00f3re \u0142\u0105czy nowoczesno\u015b\u0107 z tradycj\u0105, daj\u0105c dzieciom najlepszy start w edukacyjn\u0105 przygod\u0119! Nasze przedszkole to przestrze\u0144 pe\u0142na pasji, kreatywno\u015bci&nbsp;i bezpiecze\u0144stwa, w kt\u00f3rej maluchy ucz\u0105 si\u0119 przez zabaw\u0119, rozwijaj\u0105 swoje talenty i pasje, &nbsp;a tak\u017ce staj\u0105 si\u0119 bardziej samodzielne i pewne siebie. Dlaczego warto zapisa\u0107 dziecko! Innowacyjne podej\u015bcie edukacyjne \u2013 wprowadzamy [&hellip;]","og_url":"https:\/\/przedszkole4dzialdowo.pl\/","og_site_name":"przedszkole4dzialdowo.pl","article_publisher":"https:\/\/www.facebook.com\/sp4dzialdowo\/","article_modified_time":"2026-02-25T13:29:17+00:00","twitter_card":"summary_large_image","twitter_misc":{"Szacowany czas czytania":"2 minuty"},"schema":{"@context":"https:\/\/schema.org","@graph":[{"@type":"Organization","@id":"https:\/\/przedszkole4dzialdowo.pl\/#organization","name":"Szko\u0142a Podstawowa nr 4 im. Jana Paw\u0142a II w Dzia\u0142dowie","url":"https:\/\/przedszkole4dzialdowo.pl\/","sameAs":["https:\/\/www.facebook.com\/sp4dzialdowo\/"],"logo":{"@type":"ImageObject","@id":"https:\/\/przedszkole4dzialdowo.pl\/#logo","inLanguage":"pl-PL","url":"https:\/\/przedszkole4dzialdowo.pl\/wp-content\/uploads\/2021\/01\/cropped-LOGOWKOLE2.png","contentUrl":"https:\/\/przedszkole4dzialdowo.pl\/wp-content\/uploads\/2021\/01\/cropped-LOGOWKOLE2.png","width":512,"height":512,"caption":"Szko\u0142a Podstawowa nr 4 im. Jana Paw\u0142a II w Dzia\u0142dowie"},"image":{"@id":"https:\/\/przedszkole4dzialdowo.pl\/#logo"}},{"@type":"WebSite","@id":"https:\/\/przedszkole4dzialdowo.pl\/#website","url":"https:\/\/przedszkole4dzialdowo.pl\/","name":"sp4dzialdowo.pl","description":"","publisher":{"@id":"https:\/\/przedszkole4dzialdowo.pl\/#organization"},"potentialAction":[{"@type":"SearchAction","target":{"@type":"EntryPoint","urlTemplate":"https:\/\/przedszkole4dzialdowo.pl\/?s={search_term_string}"},"query-input":"required name=search_term_string"}],"inLanguage":"pl-PL"},{"@type":"WebPage","@id":"https:\/\/przedszkole4dzialdowo.pl\/#webpage","url":"https:\/\/przedszkole4dzialdowo.pl\/","name":"O przedszkolu - przedszkole4dzialdowo.pl","isPartOf":{"@id":"https:\/\/przedszkole4dzialdowo.pl\/#website"},"datePublished":"2026-02-15T20:19:31+00:00","dateModified":"2026-02-25T13:29:17+00:00","breadcrumb":{"@id":"https:\/\/przedszkole4dzialdowo.pl\/#breadcrumb"},"inLanguage":"pl-PL","potentialAction":[{"@type":"ReadAction","target":["https:\/\/przedszkole4dzialdowo.pl\/"]}]},{"@type":"BreadcrumbList","@id":"https:\/\/przedszkole4dzialdowo.pl\/#breadcrumb","itemListElement":[{"@type":"ListItem","position":1,"name":"Strona g\u0142\u00f3wna","item":"https:\/\/przedszkole4dzialdowo.pl\/"},{"@type":"ListItem","position":2,"name":"O&nbsp;przedszkolu"}]}]}},"_links":{"self":[{"href":"https:\/\/przedszkole4dzialdowo.pl\/index.php?rest_route=\/wp\/v2\/pages\/3576"}],"collection":[{"href":"https:\/\/przedszkole4dzialdowo.pl\/index.php?rest_route=\/wp\/v2\/pages"}],"about":[{"href":"https:\/\/przedszkole4dzialdowo.pl\/index.php?rest_route=\/wp\/v2\/types\/page"}],"author":[{"embeddable":true,"href":"https:\/\/przedszkole4dzialdowo.pl\/index.php?rest_route=\/wp\/v2\/users\/2"}],"replies":[{"embeddable":true,"href":"https:\/\/przedszkole4dzialdowo.pl\/index.php?rest_route=%2Fwp%2Fv2%2Fcomments&post=3576"}],"version-history":[{"count":2,"href":"https:\/\/przedszkole4dzialdowo.pl\/index.php?rest_route=\/wp\/v2\/pages\/3576\/revisions"}],"predecessor-version":[{"id":3719,"href":"https:\/\/przedszkole4dzialdowo.pl\/index.php?rest_route=\/wp\/v2\/pages\/3576\/revisions\/3719"}],"wp:attachment":[{"href":"https:\/\/przedszkole4dzialdowo.pl\/index.php?rest_route=%2Fwp%2Fv2%2Fmedia&parent=3576"}],"curies":[{"name":"wp","href":"https:\/\/api.w.org\/{rel}","templated":true}]}}